{"id":54,"date":"2021-03-07T11:46:44","date_gmt":"2021-03-07T09:46:44","guid":{"rendered":"http:\/\/veterinariallobregat.com\/?page_id=54"},"modified":"2023-09-07T17:55:41","modified_gmt":"2023-09-07T15:55:41","slug":"serveis","status":"publish","type":"page","link":"https:\/\/veterinariallobregat.com\/","title":{"rendered":"La nostra cl\u00ednica"},"content":{"rendered":"\t\t<div data-elementor-type=\"wp-page\" data-elementor-id=\"54\" class=\"elementor elementor-54\">\n\t\t\t\t\t\t\t\t\t<section class=\"elementor-section elementor-top-section elementor-element elementor-element-6bf10043 elementor-section-boxed elementor-section-height-default elementor-section-height-default\" data-id=\"6bf10043\" data-element_type=\"section\">\n\t\t\t\t\t\t<div class=\"elementor-container elementor-column-gap-default\">\n\t\t\t\t\t<div class=\"elementor-column elementor-col-100 elementor-top-column elementor-element elementor-element-69506d5b\" data-id=\"69506d5b\" data-element_type=\"column\">\n\t\t\t<div class=\"elementor-widget-wrap elementor-element-populated\">\n\t\t\t\t\t\t\t\t<div class=\"elementor-element elementor-element-4a50624c elementor-widget elementor-widget-text-editor\" data-id=\"4a50624c\" data-element_type=\"widget\" data-widget_type=\"text-editor.default\">\n\t\t\t\t<div class=\"elementor-widget-container\">\n\t\t\t\t\t\t\t\r\n<P\u00c0GINA EN CONSTRUCCI\u00d3>\t\t\t\t\t\t<\/div>\n\t\t\t\t<\/div>\n\t\t\t\t\t<\/div>\n\t\t<\/div>\n\t\t\t\t\t\t\t<\/div>\n\t\t<\/section>\n\t\t\t\t<section class=\"elementor-section elementor-top-section elementor-element elementor-element-ea4114f elementor-section-boxed elementor-section-height-default elementor-section-height-default\" data-id=\"ea4114f\" data-element_type=\"section\">\n\t\t\t\t\t\t<div class=\"elementor-container elementor-column-gap-default\">\n\t\t\t\t\t<div class=\"elementor-column elementor-col-100 elementor-top-column elementor-element elementor-element-7b370bc\" data-id=\"7b370bc\" data-element_type=\"column\">\n\t\t\t<div class=\"elementor-widget-wrap elementor-element-populated\">\n\t\t\t\t\t\t\t\t<div class=\"elementor-element elementor-element-8c36783 elementor-widget elementor-widget-image\" data-id=\"8c36783\" data-element_type=\"widget\" data-widget_type=\"image.default\">\n\t\t\t\t<div class=\"elementor-widget-container\">\n\t\t\t\t\t\t\t\t\t\t\t\t\t\t\t<img width=\"1024\" height=\"703\" src=\"https:\/\/veterinariallobregat.com\/wp-content\/uploads\/2021\/04\/clinica-1-1024x703.jpg\" class=\"attachment-large size-large wp-image-67\" alt=\"\" loading=\"lazy\" srcset=\"https:\/\/veterinariallobregat.com\/wp-content\/uploads\/2021\/04\/clinica-1-1024x703.jpg 1024w, https:\/\/veterinariallobregat.com\/wp-content\/uploads\/2021\/04\/clinica-1-300x206.jpg 300w, https:\/\/veterinariallobregat.com\/wp-content\/uploads\/2021\/04\/clinica-1-768x527.jpg 768w, https:\/\/veterinariallobregat.com\/wp-content\/uploads\/2021\/04\/clinica-1.jpg 1036w\" sizes=\"(max-width: 1024px) 100vw, 1024px\" \/>\t\t\t\t\t\t\t\t\t\t\t\t\t\t\t<\/div>\n\t\t\t\t<\/div>\n\t\t\t\t\t<\/div>\n\t\t<\/div>\n\t\t\t\t\t\t\t<\/div>\n\t\t<\/section>\n\t\t\t\t<section class=\"elementor-section elementor-top-section elementor-element elementor-element-53ee073 elementor-section-boxed elementor-section-height-default elementor-section-height-default\" data-id=\"53ee073\" data-element_type=\"section\">\n\t\t\t\t\t\t<div class=\"elementor-container elementor-column-gap-default\">\n\t\t\t\t\t<div class=\"elementor-column elementor-col-100 elementor-top-column elementor-element elementor-element-a4d297a\" data-id=\"a4d297a\" data-element_type=\"column\">\n\t\t\t<div class=\"elementor-widget-wrap elementor-element-populated\">\n\t\t\t\t\t\t\t\t<div class=\"elementor-element elementor-element-8c4f26f elementor-widget elementor-widget-spacer\" data-id=\"8c4f26f\" data-element_type=\"widget\" data-widget_type=\"spacer.default\">\n\t\t\t\t<div class=\"elementor-widget-container\">\n\t\t\t\t\t<div class=\"elementor-spacer\">\n\t\t\t<div class=\"elementor-spacer-inner\"><\/div>\n\t\t<\/div>\n\t\t\t\t<\/div>\n\t\t\t\t<\/div>\n\t\t\t\t\t<\/div>\n\t\t<\/div>\n\t\t\t\t\t\t\t<\/div>\n\t\t<\/section>\n\t\t\t\t<section class=\"elementor-section elementor-top-section elementor-element elementor-element-a14d868 elementor-section-boxed elementor-section-height-default elementor-section-height-default\" data-id=\"a14d868\" data-element_type=\"section\">\n\t\t\t\t\t\t<div class=\"elementor-container elementor-column-gap-default\">\n\t\t\t\t\t<div class=\"elementor-column elementor-col-100 elementor-top-column elementor-element elementor-element-c099d13\" data-id=\"c099d13\" data-element_type=\"column\">\n\t\t\t<div class=\"elementor-widget-wrap elementor-element-populated\">\n\t\t\t\t\t\t\t\t<div class=\"elementor-element elementor-element-3b46fcb elementor-widget elementor-widget-text-editor\" data-id=\"3b46fcb\" data-element_type=\"widget\" data-widget_type=\"text-editor.default\">\n\t\t\t\t<div class=\"elementor-widget-container\">\n\t\t\t\t\t\t\t<p>La nostra vocaci\u00f3 es vetllar per la salut dels animals. Amb il.lusi\u00f3 i experi\u00e8ncia farem que la teva mascota se senti segura a les nostres mans. Tot all\u00f2 que necessitis pel teu amic, ho trobar\u00e0s a la nostra cl\u00ednica, gr\u00e0cies a un equip molt professional i hum\u00e0.<\/p>\t\t\t\t\t\t<\/div>\n\t\t\t\t<\/div>\n\t\t\t\t\t<\/div>\n\t\t<\/div>\n\t\t\t\t\t\t\t<\/div>\n\t\t<\/section>\n\t\t\t\t<section class=\"elementor-section elementor-top-section elementor-element elementor-element-51e15fe elementor-section-boxed elementor-section-height-default elementor-section-height-default\" data-id=\"51e15fe\" data-element_type=\"section\">\n\t\t\t\t\t\t<div class=\"elementor-container elementor-column-gap-default\">\n\t\t\t\t\t<div class=\"elementor-column elementor-col-100 elementor-top-column elementor-element elementor-element-ac76222\" data-id=\"ac76222\" data-element_type=\"column\">\n\t\t\t<div class=\"elementor-widget-wrap elementor-element-populated\">\n\t\t\t\t\t\t\t\t<div class=\"elementor-element elementor-element-4bd4636 elementor-widget elementor-widget-spacer\" data-id=\"4bd4636\" data-element_type=\"widget\" data-widget_type=\"spacer.default\">\n\t\t\t\t<div class=\"elementor-widget-container\">\n\t\t\t\t\t<div class=\"elementor-spacer\">\n\t\t\t<div class=\"elementor-spacer-inner\"><\/div>\n\t\t<\/div>\n\t\t\t\t<\/div>\n\t\t\t\t<\/div>\n\t\t\t\t\t<\/div>\n\t\t<\/div>\n\t\t\t\t\t\t\t<\/div>\n\t\t<\/section>\n\t\t\t\t<section class=\"elementor-section elementor-top-section elementor-element elementor-element-f97e605 elementor-section-boxed elementor-section-height-default elementor-section-height-default\" data-id=\"f97e605\" data-element_type=\"section\" data-settings=\"{&quot;shape_divider_top&quot;:&quot;mountains&quot;}\">\n\t\t\t\t\t<div class=\"elementor-shape elementor-shape-top\" data-negative=\"false\">\n\t\t\t<svg xmlns=\"http:\/\/www.w3.org\/2000\/svg\" viewBox=\"0 0 1000 100\" preserveAspectRatio=\"none\">\n\t<path class=\"elementor-shape-fill\" opacity=\"0.33\" d=\"M473,67.3c-203.9,88.3-263.1-34-320.3,0C66,119.1,0,59.7,0,59.7V0h1000v59.7 c0,0-62.1,26.1-94.9,29.3c-32.8,3.3-62.8-12.3-75.8-22.1C806,49.6,745.3,8.7,694.9,4.7S492.4,59,473,67.3z\"\/>\n\t<path class=\"elementor-shape-fill\" opacity=\"0.66\" d=\"M734,67.3c-45.5,0-77.2-23.2-129.1-39.1c-28.6-8.7-150.3-10.1-254,39.1 s-91.7-34.4-149.2,0C115.7,118.3,0,39.8,0,39.8V0h1000v36.5c0,0-28.2-18.5-92.1-18.5C810.2,18.1,775.7,67.3,734,67.3z\"\/>\n\t<path class=\"elementor-shape-fill\" d=\"M766.1,28.9c-200-57.5-266,65.5-395.1,19.5C242,1.8,242,5.4,184.8,20.6C128,35.8,132.3,44.9,89.9,52.5C28.6,63.7,0,0,0,0 h1000c0,0-9.9,40.9-83.6,48.1S829.6,47,766.1,28.9z\"\/>\n<\/svg>\t\t<\/div>\n\t\t\t\t\t<div class=\"elementor-container elementor-column-gap-default\">\n\t\t\t\t\t<div class=\"elementor-column elementor-col-50 elementor-top-column elementor-element elementor-element-dc91864\" data-id=\"dc91864\" data-element_type=\"column\">\n\t\t\t<div class=\"elementor-widget-wrap elementor-element-populated\">\n\t\t\t\t\t\t\t\t<div class=\"elementor-element elementor-element-e3acc26 elementor-widget elementor-widget-text-editor\" data-id=\"e3acc26\" data-element_type=\"widget\" data-widget_type=\"text-editor.default\">\n\t\t\t\t<div class=\"elementor-widget-container\">\n\t\t\t\t\t\t\t<h1>Els nostres serveis<\/h1><h4>Vacunacions<\/h4><h4>Desparasitacions<\/h4><h4 style=\"letter-spacing: normal; font-family: Graphik,-apple-system,BlinkMacSystemFont,Segoe UI,var(--nv-fallback-ff);\">Anal\u00edtiques<\/h4><h4 style=\"letter-spacing: normal; font-family: Graphik,-apple-system,BlinkMacSystemFont,Segoe UI,var(--nv-fallback-ff);\">Diagn\u00f2stic per imatge<\/h4><h4>Identificacions amb microxip<\/h4><h4>Certificats sanitaris<\/h4><h4>Passaports<\/h4><h4><strong>Visites a domicili<\/strong><\/h4>\t\t\t\t\t\t<\/div>\n\t\t\t\t<\/div>\n\t\t\t\t\t<\/div>\n\t\t<\/div>\n\t\t\t\t<div class=\"elementor-column elementor-col-50 elementor-top-column elementor-element elementor-element-0e6e005\" data-id=\"0e6e005\" data-element_type=\"column\">\n\t\t\t<div class=\"elementor-widget-wrap elementor-element-populated\">\n\t\t\t\t\t\t\t\t<div class=\"elementor-element elementor-element-f8b34e2 elementor-widget elementor-widget-text-editor\" data-id=\"f8b34e2\" data-element_type=\"widget\" data-widget_type=\"text-editor.default\">\n\t\t\t\t<div class=\"elementor-widget-container\">\n\t\t\t\t\t\t\t<h1><strong>Especialitats<\/strong><\/h1>\n<h4><strong>Medicina interna<\/strong><\/h4>\n<h4><strong>Cirurgia<\/strong><\/h4>\n<h4><strong>Oftalmologia<\/strong><\/h4>\n<h4><strong>Dermatologia<\/strong><\/h4>\n<h4><strong>Traumatologia<\/strong><\/h4>\n<h4><strong>Etologia<\/strong><\/h4>\n<h4><strong>Acupuntura<\/strong><\/h4>\n<h4><br><\/h4>\t\t\t\t\t\t<\/div>\n\t\t\t\t<\/div>\n\t\t\t\t\t<\/div>\n\t\t<\/div>\n\t\t\t\t\t\t\t<\/div>\n\t\t<\/section>\n\t\t\t\t\t\t\t<\/div>\n\t\t","protected":false},"excerpt":{"rendered":"<p>La nostra vocaci\u00f3 es vetllar per la salut dels animals. Amb il.lusi\u00f3 i experi\u00e8ncia farem que la teva mascota se senti segura a les nostres mans. Tot all\u00f2 que necessitis pel teu amic, ho trobar\u00e0s a la nostra cl\u00ednica, gr\u00e0cies a un equip molt professional i hum\u00e0. Els nostres serveis Vacunacions Desparasitacions Anal\u00edtiques Diagn\u00f2stic per&hellip;&nbsp;<a href=\"https:\/\/veterinariallobregat.com\/\" class=\"\" rel=\"bookmark\">Read More &raquo;<span class=\"screen-reader-text\">La nostra cl\u00ednica<\/span><\/a><\/p>\n","protected":false},"author":1,"featured_media":0,"parent":0,"menu_order":0,"comment_status":"closed","ping_status":"closed","template":"elementor_theme","meta":{"neve_meta_sidebar":"full-width","neve_meta_container":"","neve_meta_enable_content_width":"on","neve_meta_content_width":100,"neve_meta_title_alignment":"","neve_meta_author_avatar":"","neve_post_elements_order":"","neve_meta_disable_header":"","neve_meta_disable_footer":"","neve_meta_disable_title":""},"_links":{"self":[{"href":"https:\/\/veterinariallobregat.com\/index.php\/wp-json\/wp\/v2\/pages\/54"}],"collection":[{"href":"https:\/\/veterinariallobregat.com\/index.php\/wp-json\/wp\/v2\/pages"}],"about":[{"href":"https:\/\/veterinariallobregat.com\/index.php\/wp-json\/wp\/v2\/types\/page"}],"author":[{"embeddable":true,"href":"https:\/\/veterinariallobregat.com\/index.php\/wp-json\/wp\/v2\/users\/1"}],"replies":[{"embeddable":true,"href":"https:\/\/veterinariallobregat.com\/index.php\/wp-json\/wp\/v2\/comments?post=54"}],"version-history":[{"count":42,"href":"https:\/\/veterinariallobregat.com\/index.php\/wp-json\/wp\/v2\/pages\/54\/revisions"}],"predecessor-version":[{"id":193,"href":"https:\/\/veterinariallobregat.com\/index.php\/wp-json\/wp\/v2\/pages\/54\/revisions\/193"}],"wp:attachment":[{"href":"https:\/\/veterinariallobregat.com\/index.php\/wp-json\/wp\/v2\/media?parent=54"}],"curies":[{"name":"wp","href":"https:\/\/api.w.org\/{rel}","templated":true}]}}